{"version":"1.0","provider_name":"Camiseta Barata Chelsea 2024 2025 - SuperVigo","provider_url":"https:\/\/thjco.com","author_name":"istern","author_url":"https:\/\/thjco.com\/index.php\/author\/istern\/","title":"comprar camiseta de emelec en espa\u00f1a - Camiseta Barata Chelsea 2024 2025 - SuperVigo","type":"rich","width":600,"height":338,"html":"<blockquote class=\"wp-embedded-content\" data-secret=\"8hZdPIMCvq\"><a href=\"https:\/\/thjco.com\/index.php\/2021\/09\/15\/comprar-camiseta-de-emelec-en-espana\/\">comprar camiseta de emelec en espa\u00f1a<\/a><\/blockquote><iframe sandbox=\"allow-scripts\" security=\"restricted\" src=\"https:\/\/thjco.com\/index.php\/2021\/09\/15\/comprar-camiseta-de-emelec-en-espana\/embed\/#?secret=8hZdPIMCvq\" width=\"600\" height=\"338\" title=\"\u00abcomprar camiseta de emelec en espa\u00f1a\u00bb \u2014 Camiseta Barata Chelsea 2024 2025 - SuperVigo\" data-secret=\"8hZdPIMCvq\" frameborder=\"0\" marginwidth=\"0\" marginheight=\"0\" scrolling=\"no\" class=\"wp-embedded-content\"><\/iframe><script>\n\/*! This file is auto-generated *\/\n!function(d,l){\"use strict\";l.querySelector&&d.addEventListener&&\"undefined\"!=typeof URL&&(d.wp=d.wp||{},d.wp.receiveEmbedMessage||(d.wp.receiveEmbedMessage=function(e){var t=e.data;if((t||t.secret||t.message||t.value)&&!\/[^a-zA-Z0-9]\/.test(t.secret)){for(var s,r,n,a=l.querySelectorAll('iframe[data-secret=\"'+t.secret+'\"]'),o=l.querySelectorAll('blockquote[data-secret=\"'+t.secret+'\"]'),c=new RegExp(\"^https?:$\",\"i\"),i=0;i<o.length;i++)o[i].style.display=\"none\";for(i=0;i<a.length;i++)s=a[i],e.source===s.contentWindow&&(s.removeAttribute(\"style\"),\"height\"===t.message?(1e3<(r=parseInt(t.value,10))?r=1e3:~~r<200&&(r=200),s.height=r):\"link\"===t.message&&(r=new URL(s.getAttribute(\"src\")),n=new URL(t.value),c.test(n.protocol))&&n.host===r.host&&l.activeElement===s&&(d.top.location.href=t.value))}},d.addEventListener(\"message\",d.wp.receiveEmbedMessage,!1),l.addEventListener(\"DOMContentLoaded\",function(){for(var e,t,s=l.querySelectorAll(\"iframe.wp-embedded-content\"),r=0;r<s.length;r++)(t=(e=s[r]).getAttribute(\"data-secret\"))||(t=Math.random().toString(36).substring(2,12),e.src+=\"#?secret=\"+t,e.setAttribute(\"data-secret\",t)),e.contentWindow.postMessage({message:\"ready\",secret:t},\"*\")},!1)))}(window,document);\n\/\/# sourceURL=https:\/\/thjco.com\/wp-includes\/js\/wp-embed.min.js\n<\/script>\n","description":"A Mart\u00edn le dio tiempo de a\u00f1adir a su palmar\u00e9s una Copa del Rey (1989) y una Recopa de Europa (1989) con un Real Madrid entonces liderado por el yugoslavo Drazen Petrovic. En el a\u00f1o 2014, se nombr\u00f3 Festero Honoris Causa al rey Felipe VI. Fernando Mart\u00edn falleci\u00f3 en Madrid el domingo 3 de diciembre [&hellip;]"}

comprar camiseta de emelec en españa - Camiseta Barata Chelsea 2024 2025 - SuperVigo

<blockquote class="wp-embedded-content" data-secret="8hZdPIMCvq"><a href="https://thjco.com/index.php/2021/09/15/comprar-camiseta-de-emelec-en-espana/">comprar camiseta de emelec en españa</a></blockquote><iframe sandbox="allow-scripts" security="restricted" src="https://thjco.com/index.php/2021/09/15/comprar-camiseta-de-emelec-en-espana/embed/#?secret=8hZdPIMCvq" width="600" height="338" title="«comprar camiseta de emelec en españa» — Camiseta Barata Chelsea 2024 2025 - SuperVigo" data-secret="8hZdPIMCvq" frameborder="0" marginwidth="0" marginheight="0" scrolling="no" class="wp-embedded-content"></iframe><script>
/*! This file is auto-generated */
!function(d,l){"use strict";l.querySelector&&d.addEventListener&&"undefined"!=typeof URL&&(d.wp=d.wp||{},d.wp.receiveEmbedMessage||(d.wp.receiveEmbedMessage=function(e){var t=e.data;if((t||t.secret||t.message||t.value)&&!/[^a-zA-Z0-9]/.test(t.secret)){for(var s,r,n,a=l.querySelectorAll('iframe[data-secret="'+t.secret+'"]'),o=l.querySelectorAll('blockquote[data-secret="'+t.secret+'"]'),c=new RegExp("^https?:$","i"),i=0;i<o.length;i++)o[i].style.display="none";for(i=0;i<a.length;i++)s=a[i],e.source===s.contentWindow&&(s.removeAttribute("style"),"height"===t.message?(1e3<(r=parseInt(t.value,10))?r=1e3:~~r<200&&(r=200),s.height=r):"link"===t.message&&(r=new URL(s.getAttribute("src")),n=new URL(t.value),c.test(n.protocol))&&n.host===r.host&&l.activeElement===s&&(d.top.location.href=t.value))}},d.addEventListener("message",d.wp.receiveEmbedMessage,!1),l.addEventListener("DOMContentLoaded",function(){for(var e,t,s=l.querySelectorAll("iframe.wp-embedded-content"),r=0;r<s.length;r++)(t=(e=s[r]).getAttribute("data-secret"))||(t=Math.random().toString(36).substring(2,12),e.src+="#?secret="+t,e.setAttribute("data-secret",t)),e.contentWindow.postMessage({message:"ready",secret:t},"*")},!1)))}(window,document);
//# sourceURL=https://thjco.com/wp-includes/js/wp-embed.min.js
</script>

A Martín le dio tiempo de añadir a su palmarés una Copa del Rey (1989) y una Recopa de Europa (1989) con un Real Madrid entonces liderado por el yugoslavo Drazen Petrovic. En el año 2014, se nombró Festero Honoris Causa al rey Felipe VI. Fernando Martín falleció en Madrid el domingo 3 de diciembre [&hellip;]
